{"id":5652,"date":"2024-09-07T12:51:10","date_gmt":"2024-09-07T10:51:10","guid":{"rendered":"https:\/\/mumbhai.sk\/central\/?page_id=5652"},"modified":"2024-09-07T12:52:38","modified_gmt":"2024-09-07T10:52:38","slug":"frequently-asked-questions","status":"publish","type":"page","link":"https:\/\/mumbhai.sk\/central\/en\/frequently-asked-questions\/","title":{"rendered":"Frequently asked questions"},"content":{"rendered":"<div class=\"wpb-content-wrapper\"><p>[vc_row row_content_width=&#8220;grid&#8220;][vc_column]<div class=\"mkdf-accordion-holder mkdf-ac-default  mkdf-accordion mkdf-ac-boxed  clearfix\">\n\t<p class=\"mkdf-accordion-title\">\n\t<span class=\"mkdf-tab-title\">Would it be too spicy?<\/span>\n<\/p>\n<div class=\"mkdf-accordion-content\">\n\t<div class=\"mkdf-accordion-content-inner\">\n\t\t[vc_column_text css=&#8220;&#8220;]Great question! We&#8217;re here to bust that myth. Indian cuisine is spicy, but that means it\u2019s flavorful and aromatic. Every recipe has its own character, origin, and identity, which we respect. If something is supposed to be distinctly chili-dominant, we\u2019ll make it that way. But we ensure that spice flavors are as they are meant to be, without compromises. We also serve dishes that aren&#8217;t spicy at all but are full of those lovely Indian flavors.[\/vc_column_text][vc_empty_space height=&#8220;20px&#8220;][vc_single_image image=&#8220;5604&#8243; img_size=&#8220;full&#8220; alignment=&#8220;center&#8220; css=&#8220;&#8220;]\t<\/div>\n<\/div><p class=\"mkdf-accordion-title\">\n\t<span class=\"mkdf-tab-title\">Do you offer a lunch menu?<\/span>\n<\/p>\n<div class=\"mkdf-accordion-content\">\n\t<div class=\"mkdf-accordion-content-inner\">\n\t\t[vc_column_text css=&#8220;&#8220;]Yes. At our restaurant, we follow the motto: fast lunches, slow dinners. So, if you\u2019re just on a work break and need a good meal before heading back to your duties, we have a daily selection of 4 flavorful dishes from India to be served at the counter.[\/vc_column_text][vc_empty_space height=&#8220;20px&#8220;][vc_single_image image=&#8220;5601&#8243; img_size=&#8220;full&#8220; alignment=&#8220;center&#8220; css=&#8220;&#8220;]\t<\/div>\n<\/div><p class=\"mkdf-accordion-title\">\n\t<span class=\"mkdf-tab-title\">I don\u2019t know much about Indian food, how should I choose?<\/span>\n<\/p>\n<div class=\"mkdf-accordion-content\">\n\t<div class=\"mkdf-accordion-content-inner\">\n\t\t[vc_column_text css=&#8220;&#8220;]Try the Chef\u2019s Combo Menu! We\u2019ve paired the side dishes that best complement each of our 12 diverse main dishes, so you can choose based on what you\u2019re familiar with. Craving spinach? Go for Palak Paneer! Shrimp? Try Madras or Masala. Lamb? Rogan Josh. With the Combo Menu, you\u2019ll definitely find it easier to choose something, and we\u2019re confident you\u2019ll be satisfied with our combinations.[\/vc_column_text][vc_empty_space height=&#8220;20px&#8220;][vc_single_image image=&#8220;5599&#8243; img_size=&#8220;full&#8220; alignment=&#8220;center&#8220; css=&#8220;&#8220;]\t<\/div>\n<\/div><p class=\"mkdf-accordion-title\">\n\t<span class=\"mkdf-tab-title\">I want to try multiple dishes. What do you recommend?<\/span>\n<\/p>\n<div class=\"mkdf-accordion-content\">\n\t<div class=\"mkdf-accordion-content-inner\">\n\t\t[vc_column_text css=&#8220;&#8220;]Go for the Thali Menu. We\u2019ve combined three main dishes from different regions of India, along with two types of bread and rice as served in those areas.[\/vc_column_text][vc_empty_space height=&#8220;20px&#8220;][vc_single_image image=&#8220;5595&#8243; img_size=&#8220;full&#8220; alignment=&#8220;center&#8220; css=&#8220;&#8220;]\t<\/div>\n<\/div><p class=\"mkdf-accordion-title\">\n\t<span class=\"mkdf-tab-title\">I avoid certain foods or have allergies or intolerances. Can I still find something?<\/span>\n<\/p>\n<div class=\"mkdf-accordion-content\">\n\t<div class=\"mkdf-accordion-content-inner\">\n\t\t[vc_column_text css=&#8220;&#8220;]Absolutely. Indian cuisine is rich in vegetarian, vegan, and gluten-free options.[\/vc_column_text][vc_empty_space height=&#8220;20px&#8220;][vc_single_image image=&#8220;5596&#8243; img_size=&#8220;full&#8220; alignment=&#8220;center&#8220; css=&#8220;&#8220;]\t<\/div>\n<\/div><p class=\"mkdf-accordion-title\">\n\t<span class=\"mkdf-tab-title\">Do you offer an Indian Degustation menu?<\/span>\n<\/p>\n<div class=\"mkdf-accordion-content\">\n\t<div class=\"mkdf-accordion-content-inner\">\n\t\t[vc_column_text css=&#8220;&#8220;]We do! Our chef, Shrey, will create a custom tasting menu based on what you\u2019d like to try on your special occasion. Over the course of 60-90 minutes, he can serve you appetizers, four main dishes, and four types of bread, all cooked fresh out of the tandoor and right into your plate . He\u2019ll explain each dish, its origins, and how it\u2019s made. A tasting dinner is perfect for those new to Indian cuisine, as well as seasoned food lovers. Contact us, and we\u2019ll get back to you on available dates to plan your experience.[\/vc_column_text][vc_empty_space height=&#8220;20px&#8220;][vc_single_image image=&#8220;5597&#8243; img_size=&#8220;full&#8220; alignment=&#8220;center&#8220; css=&#8220;&#8220;][vc_empty_space height=&#8220;20px&#8220;][vc_single_image image=&#8220;5598&#8243; img_size=&#8220;full&#8220; alignment=&#8220;center&#8220; css=&#8220;&#8220;]\t<\/div>\n<\/div><\/div>[\/vc_column][\/vc_row]<\/p>\n<\/div>","protected":false},"excerpt":{"rendered":"<p>[vc_row row_content_width=&#8220;grid&#8220;][vc_column][\/vc_column][\/vc_row]<\/p>\n","protected":false},"author":1,"featured_media":0,"parent":0,"menu_order":0,"comment_status":"closed","ping_status":"closed","template":"full-width.php","meta":{"footnotes":""},"class_list":["post-5652","page","type-page","status-publish","hentry"],"yoast_head":"<!-- This site is optimized with the Yoast SEO plugin v26.8 - https:\/\/yoast.com\/product\/yoast-seo-wordpress\/ -->\n<title>Frequently asked questions - MumBhai Central<\/title>\n<meta name=\"robots\" content=\"index, follow, max-snippet:-1, max-image-preview:large, max-video-preview:-1\" \/>\n<link rel=\"canonical\" href=\"https:\/\/mumbhai.sk\/central\/en\/frequently-asked-questions\/\" \/>\n<meta property=\"og:locale\" content=\"sk_SK\" \/>\n<meta property=\"og:type\" content=\"article\" \/>\n<meta property=\"og:title\" content=\"Frequently asked questions - MumBhai Central\" \/>\n<meta property=\"og:description\" content=\"[vc_row row_content_width=&#8220;grid&#8220;][vc_column][\/vc_column][\/vc_row]\" \/>\n<meta property=\"og:url\" content=\"https:\/\/mumbhai.sk\/central\/en\/frequently-asked-questions\/\" \/>\n<meta property=\"og:site_name\" content=\"MumBhai Central\" \/>\n<meta property=\"article:modified_time\" content=\"2024-09-07T10:52:38+00:00\" \/>\n<meta name=\"twitter:card\" content=\"summary_large_image\" \/>\n<meta name=\"twitter:label1\" content=\"Predpokladan\u00fd \u010das \u010d\u00edtania\" \/>\n\t<meta name=\"twitter:data1\" content=\"2 min\u00faty\" \/>\n<script type=\"application\/ld+json\" class=\"yoast-schema-graph\">{\"@context\":\"https:\/\/schema.org\",\"@graph\":[{\"@type\":\"WebPage\",\"@id\":\"https:\/\/mumbhai.sk\/central\/en\/frequently-asked-questions\/\",\"url\":\"https:\/\/mumbhai.sk\/central\/en\/frequently-asked-questions\/\",\"name\":\"Frequently asked questions - MumBhai Central\",\"isPartOf\":{\"@id\":\"https:\/\/mumbhai.sk\/central\/#website\"},\"datePublished\":\"2024-09-07T10:51:10+00:00\",\"dateModified\":\"2024-09-07T10:52:38+00:00\",\"breadcrumb\":{\"@id\":\"https:\/\/mumbhai.sk\/central\/en\/frequently-asked-questions\/#breadcrumb\"},\"inLanguage\":\"sk-SK\",\"potentialAction\":[{\"@type\":\"ReadAction\",\"target\":[\"https:\/\/mumbhai.sk\/central\/en\/frequently-asked-questions\/\"]}]},{\"@type\":\"BreadcrumbList\",\"@id\":\"https:\/\/mumbhai.sk\/central\/en\/frequently-asked-questions\/#breadcrumb\",\"itemListElement\":[{\"@type\":\"ListItem\",\"position\":1,\"name\":\"Home\",\"item\":\"https:\/\/mumbhai.sk\/central\/\"},{\"@type\":\"ListItem\",\"position\":2,\"name\":\"Frequently asked questions\"}]},{\"@type\":\"WebSite\",\"@id\":\"https:\/\/mumbhai.sk\/central\/#website\",\"url\":\"https:\/\/mumbhai.sk\/central\/\",\"name\":\"MumBhai Central\",\"description\":\"\",\"potentialAction\":[{\"@type\":\"SearchAction\",\"target\":{\"@type\":\"EntryPoint\",\"urlTemplate\":\"https:\/\/mumbhai.sk\/central\/?s={search_term_string}\"},\"query-input\":{\"@type\":\"PropertyValueSpecification\",\"valueRequired\":true,\"valueName\":\"search_term_string\"}}],\"inLanguage\":\"sk-SK\"}]}<\/script>\n<!-- \/ Yoast SEO plugin. -->","yoast_head_json":{"title":"Frequently asked questions - MumBhai Central","robots":{"index":"index","follow":"follow","max-snippet":"max-snippet:-1","max-image-preview":"max-image-preview:large","max-video-preview":"max-video-preview:-1"},"canonical":"https:\/\/mumbhai.sk\/central\/en\/frequently-asked-questions\/","og_locale":"sk_SK","og_type":"article","og_title":"Frequently asked questions - MumBhai Central","og_description":"[vc_row row_content_width=&#8220;grid&#8220;][vc_column][\/vc_column][\/vc_row]","og_url":"https:\/\/mumbhai.sk\/central\/en\/frequently-asked-questions\/","og_site_name":"MumBhai Central","article_modified_time":"2024-09-07T10:52:38+00:00","twitter_card":"summary_large_image","twitter_misc":{"Predpokladan\u00fd \u010das \u010d\u00edtania":"2 min\u00faty"},"schema":{"@context":"https:\/\/schema.org","@graph":[{"@type":"WebPage","@id":"https:\/\/mumbhai.sk\/central\/en\/frequently-asked-questions\/","url":"https:\/\/mumbhai.sk\/central\/en\/frequently-asked-questions\/","name":"Frequently asked questions - MumBhai Central","isPartOf":{"@id":"https:\/\/mumbhai.sk\/central\/#website"},"datePublished":"2024-09-07T10:51:10+00:00","dateModified":"2024-09-07T10:52:38+00:00","breadcrumb":{"@id":"https:\/\/mumbhai.sk\/central\/en\/frequently-asked-questions\/#breadcrumb"},"inLanguage":"sk-SK","potentialAction":[{"@type":"ReadAction","target":["https:\/\/mumbhai.sk\/central\/en\/frequently-asked-questions\/"]}]},{"@type":"BreadcrumbList","@id":"https:\/\/mumbhai.sk\/central\/en\/frequently-asked-questions\/#breadcrumb","itemListElement":[{"@type":"ListItem","position":1,"name":"Home","item":"https:\/\/mumbhai.sk\/central\/"},{"@type":"ListItem","position":2,"name":"Frequently asked questions"}]},{"@type":"WebSite","@id":"https:\/\/mumbhai.sk\/central\/#website","url":"https:\/\/mumbhai.sk\/central\/","name":"MumBhai Central","description":"","potentialAction":[{"@type":"SearchAction","target":{"@type":"EntryPoint","urlTemplate":"https:\/\/mumbhai.sk\/central\/?s={search_term_string}"},"query-input":{"@type":"PropertyValueSpecification","valueRequired":true,"valueName":"search_term_string"}}],"inLanguage":"sk-SK"}]}},"_links":{"self":[{"href":"https:\/\/mumbhai.sk\/central\/wp-json\/wp\/v2\/pages\/5652","targetHints":{"allow":["GET"]}}],"collection":[{"href":"https:\/\/mumbhai.sk\/central\/wp-json\/wp\/v2\/pages"}],"about":[{"href":"https:\/\/mumbhai.sk\/central\/wp-json\/wp\/v2\/types\/page"}],"author":[{"embeddable":true,"href":"https:\/\/mumbhai.sk\/central\/wp-json\/wp\/v2\/users\/1"}],"replies":[{"embeddable":true,"href":"https:\/\/mumbhai.sk\/central\/wp-json\/wp\/v2\/comments?post=5652"}],"version-history":[{"count":3,"href":"https:\/\/mumbhai.sk\/central\/wp-json\/wp\/v2\/pages\/5652\/revisions"}],"predecessor-version":[{"id":5655,"href":"https:\/\/mumbhai.sk\/central\/wp-json\/wp\/v2\/pages\/5652\/revisions\/5655"}],"wp:attachment":[{"href":"https:\/\/mumbhai.sk\/central\/wp-json\/wp\/v2\/media?parent=5652"}],"curies":[{"name":"wp","href":"https:\/\/api.w.org\/{rel}","templated":true}]}}